28902?
False
Does 11 divide 157520?
True
Does 18 divide 1200748?
False
Is 30 a factor of 67578?
False
Is 35 a factor of 9019?
False
Does 1491 divide 1584933?
True
Is 23 a factor of 1740169?
False
Is 156436 a multiple of 4?
True
Does 66 divide 490116?
True
Is 4 a factor of 2168686?
False
Is 3957084 a multiple of 12?
True
Is 1774622 a multiple of 26?
False
Is 67 a factor of 384005?
False
Is 69 a factor of 898173?
True
Is 69 a factor of 132224?
False
Is 415 a factor of 463555?
True
Is 11 a factor of 453070?
False
Does 27 divide 26730?
True
Does 197 divide 315294?
False
Is 2205478 a multiple of 22?
True
Is 3 a factor of 214944?
True
Is 4193108 a multiple of 23?
False
Is 36141 a multiple of 81?
False
Does 9 divide 1531496?
False
Is 745203 a multiple of 230?
False
Is 289859 a multiple of 5?
False
Is 256455 a multiple of 615?
True
Is 23 a factor of 190302?
True
Does 75 divide 359250?
True
Is 428769 even?
False
Does 28 divide 1406745?
False
Is 20 a factor of 350260?
True
Is 269 a factor of 724148?
True
Does 67 divide 791126?
False
Is 266526 a multiple of 117?
True
Does 75 divide 376922?
False
Is 41 a factor of 119118?
False
Is 8640 a multiple of 4?
True
Is 26161 a multiple of 7?
False
Is 12 a factor of 845172?
True
Does 175 divide 1225075?
False
Is 99 a factor of 2806473?
False
Is 31 a factor of 191316?
False
Is 8 a factor of 109148?
False
Is 2793671 a multiple of 4?
False
Is 3 a factor of 24081?
True
Is 14 a factor of 547344?
True
Is 2577772 a multiple of 10?
False
Does 217 divide 174957?
False
Is 344002 a multiple of 86?
False
Is 6 a factor of 166422?
True
Is 1220296 a multiple of 33?
False
Does 5 divide 470496?
False
Is 93871 a multiple of 27?
False
Is 30 a factor of 3104424?
False
Is 4134660 a multiple of 503?
True
Is 1319859 a multiple of 3?
True
Is 3 a factor of 42129?
True
Is 23 a factor of 89377?
False
Is 2216540 a multiple of 614?
True
Is 186 a factor of 569882?
False
Does 51 divide 1821322?
False
Is 9 a factor of 5660757?
True
Does 61 divide 511851?
True
Is 293866 a multiple of 5?
False
Does 96 divide 80608?
False
Is 543 a factor of 205797?
True
Is 5 a factor of 421355?
True
Is 8031884 a multiple of 49?
True
Does 4 divide 188736?
True
Is 984157 a multiple of 22?
False
Is 125147 a multiple of 174?
False
Does 49 divide 2136250?
False
Is 61 a factor of 6832915?
True
Is 2413642 a multiple of 64?
False
Does 128 divide 3130624?
True
Is 542342 a multiple of 52?
False
Is 508518 a multiple of 146?
True
Is 374 a factor of 438702?
True
Does 207 divide 20884152?
False
Does 228 divide 13980460?
False
Is 4287706 a multiple of 104?
False
Is 40 a factor of 730372?
False
Is 3 a factor of 1177430?
False
Does 9 divide 6432487?
False
Is 31 a factor of 321470?
True
Is 1891611 a multiple of 9?
True
Is 1654 a factor of 1796650?
False
Is 532 a factor of 1015588?
True
Is 115309 a multiple of 6?
False
Is 12992 a multiple of 448?
True
Does 168 divide 1437408?
True
Does 53 divide 4279379?
True
Is 115 a factor of 46115?
True
Is 9584622 a multiple of 218?
False
Does 7 divide 78522?
False
Is 1251012 a multiple of 11?
False
Is 18 a factor of 122022?
True
Does 17 divide 643016?
False
Is 2038411 a multiple of 48?
False
Is 5507325 a multiple of 45?
True
Is 336 a factor of 4280640?
True
Does 54 divide 506013?
False
Does 99 divide 846130?
False
Does 846 divide 550176?
False
Does 4 divide 6995?
False
Is 822 a factor of 1505082?
True
Is 54 a factor of 6712?
False
Is 793904 a multiple of 232?
True
Is 324 a factor of 16208424?
True
Does 15 divide 875745?
True
Is 112875 a multiple of 20?
False
Is 50257 a multiple of 35?
False
Does 5 divide 155666?
False
Does 4 divide 11148?
True
Is 28 a factor of 976?
False
Is 93438 a multiple of 9?
True
Is 36897 a multiple of 15?
False
Does 226 divide 4158852?
True
Does 79 divide 2002769?
False
Does 177 divide 5594?
False
Does 35 divide 39025?
True
Is 8 a factor of 71592?
True
Does 105 divide 53025?
True
Does 714 divide 447118?
False
Is 61 a factor of 248392?
True
Is 7647332 a multiple of 196?
True
Is 21056 a multiple of 47?
True
Is 16364644 a multiple of 29?
False
Is 565198 a multiple of 305?
False
Is 19 a factor of 4540213?
False
Is 205388 a multiple of 7?
False
Is 92388 a multiple of 182?
False
Does 179 divide 94528?
False
Is 2 a factor of 135238?
True
Is 643800 a multiple of 116?
True
Is 6 a factor of 244510?
False
Does 329 divide 178647?
True
Is 12840 a multiple of 8?
True
Is 2139984 a multiple of 198?
True
Is 95535 a multiple of 45?
True
Is 1039964 a multiple of 86?
False
Is 7618582 a multiple of 157?
True
Does 28 divide 22680?
True
Is 40 a factor of 181196?
False
Is 274 a factor of 389768?
False
Is 9 a factor of 6567466?
False
Is 3224961 a multiple of 193?
False
Is 520 a factor of 824200?
True
Does 40 divide 117240?
True
Is 5387 a multiple of 2?
False
Does 9 divide 6222114?
True
Is 198 a factor of 3305412?
True
Is 51 a factor of 38812?
False
Is 1102258 a multiple of 28?
False
Is 486 a factor of 56862?
True
Is 366960 a multiple of 132?
True
Is 3012600 a multiple of 1028?
False
Does 8 divide 1341871?
False
Is 7 a factor of 41909?
True
Does 4 divide 226453?
False
Is 95 a factor of 65550?
True
Is 3374440 a multiple of 116?
True
Does 63 divide 11906?
False
Does 24 divide 118776?
True
Is 13038 a multiple of 5?
False
Is 96 a factor of 361344?
True
Is 10 a factor of 58280?
True
Is 697 a factor of 4103508?
False
Does 208 divide 14178068?
False
Is 8801 even?
False
Is 1028723 a multiple of 12?
False
Is 9 a factor of 772758?
True
Is 1803687 a multiple of 74?
False
Is 376 a factor of 160176?
True
Is 24 a factor of 11974?
False
Is 16 a factor of 750322?
False
Is 129 a factor of 1131006?
False
Is 143 a factor of 9815806?
True
Is 3012456 a multiple of 8?
True
Is 359 a factor of 13845201?
False
Is 17 a factor of 23499?
False
Is 26 a factor of 6305182?
True
Is 522 a factor of 215656?
False
Does 13 divide 1095016?
True
Does 89 divide 295658?
True
Is 785118 a multiple of 142?
True
Is 14 a factor of 24855544?
True
Does 23 divide 9963352?
False
Is 11550 a multiple of 11?
True
Is 880 a factor of 396000?
True
Is 12 a factor of 2416?
False
Is 28 a factor of 15624?
True
Is 153020 a multiple of 20?
True
Is 23 a factor of 68356?
True
Does 21 divide 217225?
False
Is 60 a factor of 453769?
False
Is 104085 a multiple of 34?
False
Does 16 divide 813893?
False
Is 347943 a multiple of 6?
False
Is 15 a factor of 148290?
True
Is 19 a factor of 254847?
True
Does 182 divide 169208?
False
Does 98 divide 105644?
True
Is 1044678 a multiple of 1109?
True
Is 432 a factor of 575252?
False
Is 168987 a multiple of 273?
True
Is 3080720 a multiple of 82?
False
Does 5 divide 14660?
True
Is 5474458 a multiple of 11?
True
Is 343790 a multiple of 11?
False
Is 105 a factor of 605955?
True
Does 1020 divide 2089980?
True
Does 46 divide 676154?
True
Is 206893 a multiple of 70?
False
Is 14 a factor of 1641878?
True
Is 8 a factor of 348868?
False
Is 2898264 a multiple of 613?
True
Is 30 a factor of 330?
True
Is 14684 a multiple of 2?
True
Does 6 divide 86571?
False
Is 64 a factor of 8418915?
False
Is 7885717 a multiple of 49?
True
Is 1523588 a multiple of 27?
False
Is 14 a factor of 194410?
False
Is 6 a factor of 7429350?
True
Is 119125 a multiple of 45?
False
Does 178 divide 2494070?
False
Is 374636 a multiple of 5?
False
Is 3220 a multiple of 20?
True
Is 7030 a multiple of 95?
True
Is 546964 a multiple of 11?
True
Is 47 a factor of 645827?
True
Does 387 divide 11783763?
True
Does 266 divide 148336?
False
Does 34 divide 2582368?
True
Is 98271 a multiple of 179?
True
Is 27 a factor of 121286?
False
Does 9 divide 7019?
False
Does 5 divide 46740?
True
Does 228 divide 3221786?
False
Does 17 divide 37091?
False
Is 222 a factor of 734348?
False
Does 18 divide 537822?
True
Is 5 a factor of 11065?
True
Does 224 divide 839552?
True
Does 39 divide 34242?
True
Is 4637903 a multiple of 224?
False
Does 6 divide 354654?
True
Is 25126 a multiple of 28?
False
Does 91 divide 1722721?
True
Does 208 divide 1773892?
False
Is 6 a factor of 19441?
False
Does 79 divide 3604454?
True
Is 3319220 a multiple of 102?
False
Is 107777 a multiple of 11?
False
Does 4 divide 601562?
False
Is 8 a factor of 46861?
False
Is 364320 a multiple of 8?
True
Is 1024 a factor of 979143?
False
Does 170 divide 1036774?
False
Does 45 div